 -2*v + 4*g - x*g = -192, 0 = -2*v - 2*g + 176. Calculate the remainder when v is divided by 25.
17
Suppose j - 3 = -2*o, 4*j - 4*o = -5*o + 19. Suppose 0 = -3*n + n + 5*d + 9, d - 90 = -j*n. What is the remainder when n is divided by (-64)/(-10) - 4/10?
5
Let h(q) = -17*q**3 + q**2. Let v = 45 + -51. Let i(s) = -6*s - 3. What is the remainder when i(v) is divided by h(-1)?
15
What is the remainder when 159*(-183)/(-8) - (-52)/(-416) is divided by 14?
11
Let l = -1028 + 1266. What is the remainder when l is divided by 120?
118
Let x be (-3 - 1) + (-16)/(-2). Suppose 4*n = -4*p + 5*n + 15, 0 = x*p - 3*n - 13. What is the remainder when p is divided by 2?
0
Suppose 10 = -b - 4*c, b + 3*c = 2*c - 1. Suppose 2*h = -y + 31, 6*h + 5*y - 71 = 2*h. What is the remainder when h is divided by b?
0
Let l = -8 + 6. Suppose 47*w + 11*o - 19 = 48*w, -5*o + 13 = w. Calculate the remainder when w is divided by 0 + 1 - 2/l.
1
Suppose -3*o + 4*o - 70 = 3*f, 2*f + 32 = -3*o. Let w = 22 + f. Suppose w = -4*r + 6*r - 64. What is the remainder when r is divided by 11?
10
Suppose 0 = 4*b - 6*b + 12. Suppose -3*g + 125 = 2*g - 5*o, 3*o + 95 = 4*g. What is the remainder when g is divided by b?
2
Let j(p) = 11*p**3 - p + 1. Suppose -5 = -2*t + 3. Calculate the remainder when j(1) is divided by t.
3
Let l(x) be the second derivative of x**3/6 - x**2/2 - 10*x. Calculate the remainder when l(12) is divided by 6.
5
Suppose 2*j = 2*g - 6, -2*g + 7*g - 2*j - 3 = 0. Let u be g/(-6)*-3*10. Let c = u + 19. What is the remainder when c is divided by 3?
2
Let c(i) = i + 31. Let y be c(9). What is the remainder when y/140 + (-654)/(-14) is divided by 12?
11
Let n(c) = 3*c**2 + 45*c - 4. Calculate the remainder when n(-18) is divided by 32.
30
Let n(f) = f**2 - 11*f - 8. Let j be n(12). Suppose -4*u + 3*z = -13, -z + 9 + 24 = j*u. What is the remainder when 30 is divided by u?
2
Let c = -60 + 124. What is the remainder when c is divided by (-25)/10*(132/5)/(-2)?
31
Let a(n) = 21*n - 247. Calculate the remainder when 88 is divided by a(13).
10
Suppose 0*f - 66 = -6*f. Suppose -3*s - 2*s = -390. Suppose 3*p = s + 12. Calculate the remainder when p is divided by f.
8
Suppose -136*n = -130*n - 108. Let l(z) = 126*z**2 + 2*z + 1. What is the remainder when l(-1) is divided by n?
17
Let g(y) = -y**2 - 5*y + 27. What is the remainder when 185 is divided by g(0)?
23
Let t(v) = -3*v**2 - 7*v + 25. Let m(b) = 2*b**2 + 4*b - 13. Let d(j) = 5*m(j) + 3*t(j). What is the remainder when d(0) is divided by (-1 - -4)*-2*-1?
4
Suppose 9 = 3*s, 0 = 4*n + 4*s - 0*s - 24. Suppose 4*b - 8 = 4*x, 4*b = -n*x - 0 + 1. Calculate the remainder when (x - 0)*44/(-1) is divided by 23.
21
Let w(p) be the first derivative of -1/2*p**2 + 0*p + 5/4*p**4 - 2/3*p**3 + 1. Calculate the remainder when w(2) is divided by 16.
14
Let s(d) = d**2 - d + 3. Let u(o) = 16*o - 4. Let b(r) = -r**2 - 2*r + 4. Let q be b(-3). What is the remainder when s(-4) is divided by u(q)?
11
Suppose -l - 18 = 3. Suppose -3*o + 276 = o - 3*p, 3*o - 2*p = 207. Calculate the remainder when o is divided by (6*2)/((-14)/l).
15
Let j = -15 + 25. Suppose 0 = -2*k + 4*w + 114, 135 = 3*k - 4*w - 28. What is the remainder when k is divided by j?
9
Suppose -32*g + 11 = -21*g. Calculate the remainder when 17 is divided by g.
0
What is the remainder when 1 - -26 - (-4 + -3) is divided by 22?
12
Let k = 2 - -1. Suppose -2*c - 21 + 3 = -2*a, -10 = -2*c. What is the remainder when a is divided by k?
2
Let p = 99 - 72. Suppose 8 = 4*h - 312. Calculate the remainder when h is divided by p.
26
Let s(o) = -o**3 - 9*o**2 + 7*o - 12. Let f be s(-10). What is the remainder when 17 is divided by (f/(-10))/((-1)/5)?
8
Let m(v) = -v**2 - 18*v - 8. Let p = -56 + 43. Calculate the remainder when m(p) is divided by (-146)/(-10) - (-2)/5.
12
Suppose 3*q = -4*i - 62 + 337, 0 = 3*i - 4*q - 225. What is the remainder when 280 is divided by i?
67
Let w(b) = -4*b - 28. Let r be w(-8). Suppose 0 = r*d - d - 66. Calculate the remainder when 42 is divided by d.
20
Let z = 3 - -1. Suppose -3 = -h, v + z*h = -v + 42. Suppose 4*d - v = 1. Calculate the remainder when 9 is divided by d.
1
Let y(f) = 15*f**2 - 5*f + 3. Let b be 24/10 - (5 - (-23)/(-5)). Calculate the remainder when y(3) is divided by (-2 + 64)*1/b.
30
Let u = 144 - 85. Suppose 2*w + 7*w = 108. What is the remainder when u is divided by w?
11
Let o be 8/(-6)*147/(-28). Suppose -95 + o = -4*l. Suppose 3*z - 9 = -2*r, -r - 4*r + 2*z = -32. Calculate the remainder when l is divided by r.
4
Let f(n) be the first derivative of -n**3/3 + 23*n**2/2 - 36*n - 30. Let a(q) = q**2 + 5*q + 7. Calculate the remainder when f(20) is divided by a(-6).
11
Suppose q + 911 = 1259. What is the remainder when q is divided by 14?
12
Suppose -3*o - 5 = -4*o, -34 = -2*i + 4*o. Suppose i*q = 28*q - 221. What is the remainder when q is divided by 14?
11
Let z = -1 + 5. Suppose w + 2*w - 124 = z*d, -w + 52 = -4*d. Calculate the remainder when w is divided by 22.
14
Let c = -5 - -11. Let l = 37 + -12. Suppose -1 = c*d - l. What is the remainder when 7 is divided by d?
3
Suppose -6 = -2*v + 50. Let o = v + -22. Calculate the remainder when o is divided by 4.
2
Let i(o) be the first derivative of o**4/2 - 17*o**3/3 + 11*o**2/2 - 17*o - 9. Calculate the remainder when i(8) is divided by 5/(-1)*2/(-5).
1
Suppose 2*y + p - 166 = -55, -3*p = -4*y + 237. What is the remainder when 337 is divided by y?
52
Let k = 0 - 0. Let h(q) = q**2 + 22. Suppose 0 = z - 2*x - 2*x - 62, 0 = -5*z - 2*x + 200. What is the remainder when z is divided by h(k)?
20
Let s(d) = 4*d + 1. Let m be s(1). Suppose 29 = m*x + 2*z - 2, 3*z = -3*x + 24. Suppose x = -5*n + 15. Calculate the remainder when 5 is divided by n.
1
Suppose -3*t - 1 = -2*y - 2, -5*y + 2*t = 30. Let v(n) be the first derivative of -n**3/3 - 5*n**2 - 5*n + 2. Calculate the remainder when v(y) is divided by 7.
4
What is the remainder when 182 - (20/(-3) + 7)*3 is divided by 30?
1
Suppose 5*p - 4 = 1. Let s be 3 - (-20 + -5 + p). Let m = 52 - s. Calculate the remainder when m is divided by 9.
7
Let v be 30/5 - (2 + -3). Suppose 2*r + 75 = v*r. Calculate the remainder when 88 is divided by r.
13
Suppose -28*q + 21*q + 658 = 0. What is the remainder when q is divided by 36?
22
Let w(p) be the second derivative of 0 - 2/5*p**5 + 0*p**2 + 7*p + 0*p**4 + 0*p**3. Calculate the remainder when 13 is divided by w(-1).
5
Suppose 5*r = -g + 19, g + 2*g = 5*r - 23. Calculate the remainder when 38 is divided by 50/6 - (g + (-8)/(-6)).
6
Let l = 24 - 10. What is the remainder when -1 - -23 - -3 - -2 is divided by l?
13
Calculate the remainder when 31 is divided by 4/18 + 1122/108*2.
10
Let q(z) = -z + 2. Let f be q(5). Calculate the remainder when (0 - -24 - f) + -2 is divided by 9.
7
Let t = 1178 + -898. What is the remainder when t is divided by 71?
67
Suppose -r - 1 = 3*l, 2*r + 8*l + 1 = 3*l. Suppose -3*z - 27 = r*f - 83, -5*f = -2*z + 31. What is the remainder when 65 is divided by z?
11
Suppose -3*m = -124 - 302. What is the remainder when m is divided by 16?
14
Suppose b - 4*h - 66 = 0, -h = -2*b - 4*h + 165. Let u = b + -47. Suppose -15 = 3*m, 3*m + 2*m = -3*d + 8. What is the remainder when u is divided by d?
9
Suppose 12*h - 3*v = 7*h + 275, 6*h = -4*v + 292. What is the remainder when 62 is divided by h?
10
Let a(l) = l**2 + 8*l - 18. Let u = -139 + 144. What is the remainder when a(u) is divided by 24?
23
Suppose 5*w = -0*v + 2*v - 112, 4*v - 202 = -w. Let c be (-22)/(-4) + -4 + (-117)/2. Let d = -31 - c. What is the remainder when v is divided by d?
25
Let k(l) = 7 + 3*l - 3 + 0 + 4*l. What is the remainder when k(6) is divided by 16?
14
Suppose g + 3*u + 7 = 0, 3*u = -5*g + 32 - 7. Let n(s) = -s + 45. Calculate the remainder when n(g) is divided by 2 - (-1 + -1 + -6).
7
Let f = -294 - -303. What is the remainder when 62 is divided by f?
8
Let o be 5/(-1*3/(-6)). Calculate the remainder when 9 is divided by 6/o*5 - (-1 + -2).
3
Suppose -2*u - 3*u = h - 68, -4*u - 4*h = -48. Calculate the remainder when u is divided by 3.
2
Let y(q) = 21*q - 163. Calculate the remainder when y(10) is divided by 98/8 - 1/4.
11
Suppose 5*w + 3*t = 621, -2*w - t = -241 - 7. What is the remainder when w is divided by 12?
3
Let 